d by y?
9
Let q(f) = -f**3 + 4*f**2 + 5*f - 1. Let a(u) = -3*u - 4. Let o be a(-3). Let g be q(o). What is the remainder when 8 is divided by (2/(-6))/(g/15)?
3
Let n be (-7)/35 + 18/(-10). Calculate the remainder when 16 is divided by 46/5 + n/10.
7
Let g = -14 - -25. Let f be (2 + 0)*5/(-2). Let w = f + 9. What is the remainder when g is divided by w?
3
Suppose 4*m - 3*g - 6 = 0, g - 9 - 2 = -3*m. Suppose 2*h = -2*c + 6*h + 234, 0 = m*h. Suppose 2*t - c = -t. What is the remainder when t is divided by 10?
9
Let l = 260 + -403. Suppose 31*g - 270 = 34*g. Let d = g - l. Calculate the remainder when d is divided by 18.
17
Let o = -48 - -170. Calculate the remainder when o is divided by 25.
22
Let z(c) = -c**3 - 5*c**2 + 6*c + 2. Let l be z(-6). Let p be l/6*(1 - -8). What is the remainder when 10/p*(-3)/(-1) is divided by 6?
4
Suppose 0 = d + 3*p - 56, -2*d - p - 11 = -143. Suppose -d + 4 = -4*m. Let k = m + -9. Calculate the remainder when 20 is divided by k.
6
Let v = 9 - 9. Suppose -3*i + 2*c - c + 39 = v, 4*i = -5*c + 52. Calculate the remainder when 24 is divided by i.
11
What is the remainder when 38 is divided by ((-6)/(-15))/(2/(-400)*-4)?
18
Suppose 6*w - 17 = 5*w. What is the remainder when 49 is divided by w?
15
Let b(g) = 2*g**2 + 1. Let h be b(2). Suppose -2*m + h = -m. What is the remainder when 25 is divided by m?
7
Suppose -61 = -m - 0*m. Let q(w) = w**2 - 13*w + 16. What is the remainder when m is divided by q(13)?
13
Suppose 213 = -4*j + 7*j. Let w = -33 + j. Suppose 2*v - 40 = -0*v. What is the remainder when w is divided by v?
18
Let v be 8/(-3)*(-6)/4. Suppose 0 = -4*m - n + 3, 3*m + 5*n - v = 6*n. Suppose m = 5*g - 4. Calculate the remainder when 2 is divided by g.
0
Suppose -2*j = 3*v - 11, -4*j + 0*j + 5*v = -55. Suppose j = -5*p - 5*a + 70, -3*p - 5*a = -40. Calculate the remainder when 18 is divided by p.
8
Let x(h) = h**3 - 4*h**2 + h - 5. Let y be x(4). Let l be y + 2/(-2) - -59. Let k = -19 + l. What is the remainder when k is divided by 13?
12
Suppose m - 1 = 5*l, -4*l = 2*m - 4*m + 8. Calculate the remainder when 17 is divided by m.
5
What is the remainder when 173 is divided by (-4 - -1)*(39/(-9) + -1)?
13
What is the remainder when 63 is divided by ((-288)/(-60))/((-3)/(-10))?
15
Let v be 4/(-28) - 268/(-14). Suppose 0 = -4*h + 9 + v. What is the remainder when 19 is divided by h?
5
Let h(q) = -2*q**3 + q + 2. What is the remainder when h(-3) is divided by 14?
11
Let q = -18 + 35. What is the remainder when 50 is divided by q?
16
What is the remainder when (-3)/2*(-1060)/30 is divided by 11?
9
Let d be 27/6*2*1. Suppose 0 = 4*g + 4*y - 2 - 6, y + 2 = 0. Suppose -5*r - d = -g, 2*r - 82 = -3*b. Calculate the remainder when b is divided by 10.
8
Suppose -5*w = 3*y - 3*w - 36, 4*y - 50 = -2*w. Suppose 5 + 0 = u. Calculate the remainder when y is divided by u.
4
Suppose p + 0*p = 20. Let q(o) = -o**2 + 1. Let k be q(3). Let y = -1 - k. What is the remainder when p is divided by y?
6
Let f(j) = -j**2 + 15. What is the remainder when 598/14 + (-2)/(-7) is divided by f(0)?
13
Let r(m) = 5*m + 3. What is the remainder when 44 is divided by r(4)?
21
Let z(d) = -3*d + 9. Let x(f) = 4*f - 9. Let a(s) = 3*x(s) + 2*z(s). Let o be a(7). Let u = o + -20. What is the remainder when 24 is divided by u?
11
Let c(o) = 9*o - 2. Let m(q) = -q. Let h be (-4)/(-2)*(-1)/2. Let r(k) = h*c(k) - 2*m(k). What is the remainder when r(-5) is divided by 13?
11
Suppose -4*l = -2*a + l + 23, -5*a = -3*l - 48. What is the remainder when a is divided by 3?
0
Suppose -15 = -3*y - 3*c, 4*y + 0*c + 2*c - 16 = 0. Let t = 84 + -80. What is the remainder when t is divided by y?
1
Suppose 3*g - 50 = -3*j + 1, -j - 3*g + 11 = 0. Calculate the remainder when j is divided by 6.
2
Let q(f) = 4 - 4 + f**2 + 3 + 4*f - 1. What is the remainder when 27 is divided by q(-6)?
13
Let b(v) = -v**2 - v + 4. Let o = -6 - -6. What is the remainder when 7 is divided by b(o)?
3
Let z(l) = -l + 4. Let w(p) = -p**2 + 11*p - 8. What is the remainder when w(6) is divided by z(-8)?
10
Suppose -10 = 5*x, -o = x + 7 - 58. Calculate the remainder when o is divided by 14.
11
Let k be (-8)/(-2)*(-15)/(-12). Suppose 2*a + a = -2*w - 5, 4*w + 21 = k*a. Calculate the remainder when 3 is divided by a.
0
Suppose 0 = -2*k - 2*k + 2*s + 58, -85 = -5*k + 5*s. Suppose -3*m = -5*x + 168, 2*m + 2*m = -2*x + 62. What is the remainder when x is divided by k?
9
Suppose -z + 6*z - 35 = 0. What is the remainder when 33 is divided by z?
5
Suppose a - f = -16, -5*a + f - 94 = 3*f. Let z = 47 + a. Let k(s) = s**3 - 22*s**2 - 75*s + 10. What is the remainder when z is divided by k(25)?
9
Suppose 5*u - 2*z = -452, -3*u + 2*z - 268 = -0*u. Let h = -37 - u. Calculate the remainder when h is divided by 14.
13
Suppose d = 19 - 7. Let w = d + 1. Calculate the remainder when 49 is divided by w.
10
Suppose -3*f = 5*m - 15, 4*m - 5*f + 10 = -3*f. Calculate the remainder when (2 - 3) + (-24)/(-2) is divided by m - ((0 - 0) + -4).
3
Suppose -t + 18 = 5*t. What is the remainder when 7 is divided by t?
1
Suppose 0 = -5*x - 4*w + 2*w + 713, 5*x + 5*w = 725. Suppose 45 = v - 4*c, -59 = -4*v - 4*c + x. What is the remainder when v is divided by 10?
9
What is the remainder when 94 is divided by (-126)/(-8) + (-1)/(-4)?
14
Let j = 89 + -84. Let x = 7 - 4. Suppose -q = -0*v + v - 15, x*v - 79 = -5*q. What is the remainder when q is divided by j?
2
Let i(a) = 85*a**2 + 3*a + 2. Let o be i(-3). Let n = o - 429. What is the remainder when n/63 + 2/(-9) is divided by 4?
1
Suppose 2*j - 9 = -1. Suppose 4 + 8 = j*n. Suppose -n*r + 8 = -1, 0 = -k + 5*r + 4. Calculate the remainder when k is divided by 10.
9
Let y(b) = b**2 - 3*b - 1. What is the remainder when y(-3) is divided by -6*(0 - 3 - -2)?
5
Let r be 0 + (-1)/(2/(-4)). Suppose -t - t = -r. Calculate the remainder when t is divided by -2 + 2 + 0 + 1.
0
Let q be (1 - -1)/(2/(-24)). Let j be 1 - (-2 + 2) - q. Let n = j + -10. What is the remainder when 29 is divided by n?
14
Suppose 0 = -2*u - 2, 0*g = -5*g + 3*u - 317. Let s = -46 - g. What is the remainder when 89 is divided by s?
17
Let g = 16 + 109. Calculate the remainder when g is divided by 21.
20
Suppose 0 = 5*x - 38 - 67. Let d(h) = -3*h**2 - 2. Let i be d(2). Let w = i + 25. Calculate the remainder when x is divided by w.
10
Let j(s) = -4*s - 7. Suppose -5*l = 2 - 7, 0 = -3*p - l - 14. Suppose 3*y + 4*i = 4, y - 3*i + 0*i - 23 = 0. Calculate the remainder when j(p) is divided by y.
5
Suppose 3*j = 1 + 5. What is the remainder when 3/j*70/15 is divided by 2?
1
Let h(o) = 13*o - 4. Suppose -4*m + 87 = -1. Suppose 0 = -2*g + m + 2. Calculate the remainder when h(3) is divided by g.
11
Suppose -4*y + 5*g - 3*g + 50 = 0, -4*y = 2*g - 30. Calculate the remainder when 19 is divided by y.
9
Let i(a) = a**2 - 10*a - 11. Let f be i(11). Suppose -q + 2 = -f. What is the remainder when 3 is divided by q?
1
Suppose 0 = -3*x + 16 + 38. Let j = -110 - -165. Let d = j - x. What is the remainder when d is divided by 19?
18
Let t(b) = b**3 - b**2 + 29. Suppose 11 = -4*z + 171. Suppose 20 = 4*h - z. What is the remainder when t(0) is divided by h?
14
Let f = 25 - -4. Let v = f - 19. Calculate the remainder when 39 is divided by v.
9
Let w(g) = g**2 + 2. Let r be w(5). Let x = -7 + r. Suppose -5*b = 3*c - x, 2*b = -b + 5*c + 12. Calculate the remainder when 11 is divided by b.
3
Let n be 10 + (-1)/1*-1. Let m = n - 6. Let f = -5 + 19. What is the remainder when f is divided by m?
4
Let r(u) = u - 2. What is the remainder when 45 is divided by r(14)?
9
Let k(t) = 11*t + 1. Let z be k(3). Let h = z - 20. Calculate the remainder when 27 is divided by h.
13
Suppose -2*c + 6 + 12 = 2*q, -3 = -3*c + 3*q. Let k = 9 - c. Suppose k*o - 8 = 12. Calculate the remainder when 9 is divided by o.
4
Calculate the remainder when 68 is divided by 2/1*299/26.
22
Let y be 1 + 0 - 3*2. Let x = -2 - y. Suppose -u = -4*p + 6, 5*p + x*u - 16 = -0*p. Calculate the remainder when 3 is divided by p.
1
Calculate the remainder when (175/10*(-8)/5)/(-2) is divided by 9.
5
Let g = 14 - 9. Suppose 11 = 4*r - 5*m + g, 3*m + 10 = 4*r. Suppose -2*d + 31 = -r*f + 3*f, 5*f + 2 = d. Calculate the remainder when d is divided by 9.
8
Suppose c + 4*t - 65 = 0, -2*c - 